prime factors of i.
2, 3, 13
Suppose d - 2 - 2 = -2*l, -3*l + 17 = -4*d. Suppose 0 = 3*y - 2*b + 5, -y = -0*y + b. List the prime factors of (40/(-6))/(y/l).
2, 5
Let v(g) = -31 + g - 17*g**2 - 9*g + 9*g**3 - 10*g**3. What are the prime factors of v(-17)?
3, 5, 7
Let m(f) = -f**3 + 10*f**2 + 9. What are the prime factors of m(8)?
137
Suppose -2*m + 3886 = -4*g, -559 = 2*m + 3*g - 4459. What are the prime factors of m?
3, 11, 59
Suppose 2*y - 2 = 4*o, 0*o + 2*o - 3*y = -11. Let g(v) = -33*v + 169. Let r be g(5). What are the prime factors of 58 + (r + -6 - o)?
2, 3
Suppose -24 = -5*x - 9. Suppose -g = -2*n + x - 9, 5*n = 3*g - 18. Suppose 4*c = c + g. List the prime factors of c.
2
Let w(n) = -n**3 - 9*n**2 - 10*n - 9. Let r be w(-8). Suppose r*s - 4*s + 3*p - 417 = 0, -s + 2*p = -145. What are the prime factors of s?
3, 47
Suppose 3*m = 68 - 53. Suppose 3*b + m*i = 6*b + 9, 5*b = -i + 13. What are the prime factors of b?
2
Let q = 3 - 1. Suppose 104*j - 109*j = -55. Suppose j = -q*y + 53. What are the prime factors of y?
3, 7
Let q(r) = 40*r - 2. Let l(m) be the second derivative of 10*m**3/3 - m**2/2 - 3*m. Let p(y) = 5*l(y) - 3*q(y). List the prime factors of p(-1).
3, 7
Let c be (-2 - -3 - -2) + -1. Let o be 66/(-24) - c/8. List the prime factors of -28*(o + (-6)/(-3)).
2, 7
Suppose 40245 = 50*i - 85855. What are the prime factors of i?
2, 13, 97
What are the prime factors of ((-1174)/(-5))/((-144)/(-360))?
587
Let y = -18 - -20. Suppose -r + 4*i = y*r - 111, -4*i + 185 = 5*r. Suppose -r - 85 = -2*m. What are the prime factors of m?
61
Let s = -14 - -6. List the prime factors of 1*(s/(-28) + (-873)/(-7)).
5
Let i(p) = 9*p + 4. Let h be i(-2). Let l = -11 - h. List the prime factors of 10*(l - (-3)/(-15)).
2, 7
Suppose 5*j + 3*l - 13806 = 0, -40*j - 2766 = -41*j - 3*l. List the prime factors of j.
2, 3, 5, 23
Let u = 505 + 585. List the prime factors of u.
2, 5, 109
Let z be 4/((-20)/5) + (227 - 0). Suppose -8*x + 6*x = -z. List the prime factors of x.
113
Let o(q) = 7*q - 25. Let h(t) = -3*t + 13. Let n(c) = 7*h(c) + 4*o(c). Let z be n(6). Suppose 5*r = 4*i - z, -4*r = r - 15. List the prime factors of i.
2, 3
Let w(p) = p**3 - 4*p**2 + 2*p - 4. Let b be w(4). Suppose 2*m - 4*n = m + 7, b*m = 3*n + 28. List the prime factors of m.
7
Suppose 20*u = u + 95. Suppose 4*c - 5 - 7 = 0. Suppose -u*q - c*i = 2*i - 110, -2*q + 68 = -4*i. List the prime factors of q.
2, 13
Let z(c) = -5*c - 2. Let v be z(-4). Let i be 266/v - 16/(-72). Suppose -i = 5*r - 0, 2*a - 2*r - 58 = 0. What are the prime factors of a?
2, 13
Suppose 8*p + 4*p = 5892. List the prime factors of p.
491
Let t(j) = 4*j**2 + 11*j - 4. Suppose -5*x + 4*v + 2 = 0, 2*x - 5 = -v + 4*v. Let b(h) = h**3 + h + 4. Let y be b(x). List the prime factors of t(y).
2, 37
Suppose -1468 = -3*f - m, 62*f + 2450 = 67*f + m. What are the prime factors of f?
491
Let s = 12 + -21. Let m(n) = -n**3 - 9*n**2 + n + 1. Let p be m(s). List the prime factors of 63/2 - 4/p.
2
Let h(r) = 3*r**2 - 4*r - 3. Let n be h(-1). Suppose -n*y = -y - 9. What are the prime factors of y?
3
Suppose 1683 = 13*j - 1047. What are the prime factors of j?
2, 3, 5, 7
Suppose -10*i = 10*i - 480. List the prime factors of i.
2, 3
Suppose -5*y + 0*y + 65 = 0. Let j = 13 - y. Suppose j*s = -2*s + 34. List the prime factors of s.
17
Let d = 15 + -12. Suppose 3*m = 3*j - m - 28, 0 = -2*j - 4*m - 8. Suppose -d*l - 5*g + j = 0, 0 = 7*l - 2*l + 2*g - 13. List the prime factors of l.
3
Let f(j) = 3*j + 23. List the prime factors of f(4).
5, 7
Suppose 6*n - n - 20 = 0. List the prime factors of ((-78)/(-4))/(n*4/96).
3, 13
What are the prime factors of (-1)/(-5) - 337648/(-235)?
3, 479
Suppose -63*d + 65*d = 2*r + 388, -2*r = -d + 194. What are the prime factors of d?
2, 97
Let i be -6 + 8 + (-84)/2. What are the prime factors of 10/(((-4)/i)/1)?
2, 5
What are the prime factors of 10/(-9) - 2895100/(-468)?
5, 1237
Suppose -2801 = -3*r + w, r - 3*w - 1142 = -203. List the prime factors of r/24 + -1 + 2/16.
2, 19
Let t be 5/((-2 - -5) + -4). Let z be (6 + t)/(1/3). Suppose -2*u - 19 = -z*u. List the prime factors of u.
19
Let s = -109 + 219. List the prime factors of s.
2, 5, 11
Let x be (-828)/15*(-30)/12. What are the prime factors of (-4 - 9/(-2))*-2 + x?
137
Suppose -28 = -3*b - 2*j, b + 0*j - 3*j - 24 = 0. Let o(p) = -b + 2*p - p + 32. What are the prime factors of o(0)?
2, 5
Suppose 0 = 61*g - 57094 - 89489. List the prime factors of g.
3, 89
Suppose 0 = 3*l + 5*t - 1302, -4*l - 100 = -5*t - 1871. List the prime factors of l.
439
Suppose 5*w + 2*i - 330 = 3*i, -5 = i. Suppose -4*t = 12, 0*j - 2*j + w = 5*t. What are the prime factors of j?
2, 5
Let n(h) = 10*h - 8. Let u be n(2). Let c(q) = q**3 - 11*q**2 - 12*q - 5. Let s be c(u). What are the prime factors of (-296)/s - (-3)/(-15)?
59
Let j be (-2)/(-5) + (-16)/(-10). List the prime factors of 21*18/21*4*j.
2, 3
Suppose 2*s = 2*a + 3788, -s + 5*s + 4*a - 7584 = 0. List the prime factors of s.
5, 379
Let n be ((-2)/1 + 2)/2. Suppose 25 = 5*g - n. Suppose 15 = -0*v + g*v, 3*v = p - 19. List the prime factors of p.
2, 7
Let j(k) be the second derivative of 2*k - 1/3*k**4 - 1/20*k**5 - 2*k**2 + k**3 + 0. List the prime factors of j(-6).
2
Let a = 76 + -27. Let j = a + 10. What are the prime factors of j?
59
Suppose -20*b + 29*b = 18990. List the prime factors of b.
2, 5, 211
Suppose 5*q + 15 = 10*q. Suppose -2*b = -q*s + 144 + 195, -452 = -4*s - 4*b. List the prime factors of s.
113
Suppose 5*b + 10 = 10*b. Suppose 117 = 3*w - 3*z, -b*w + z = 2*w - 144. Suppose -w = y - 2*y. What are the prime factors of y?
5, 7
Suppose 0 = -f + 61 - 61. What are the prime factors of f - 2 - ((-168 - -2) + 3)?
7, 23
Let n(x) = 3*x - 11. Let m be n(5). List the prime factors of (-2)/m*-170*1.
5, 17
Suppose 5*y + 12 = 4*y. Let z be (31 + -17)*(-1 - -3). Let t = y + z. List the prime factors of t.
2
Let q be 721/28 - 2/(-8). Let l be 3 - (-2)/(10/(-95)). Let y = q - l. What are the prime factors of y?
2, 3, 7
Suppose -5*c - 7*c = -1704. List the prime factors of 3/6*-4*c/(-4).
71
Let g be (-12)/(-21) + (-164)/(-7). Let r = g - 0. Let s = 35 - r. What are the prime factors of s?
11
Suppose 0 = 2*c - 3*r - 1795, 2*r + 3594 = 6*c - 2*c. Suppose 0 = -4*m + 5*q + c, -3*m - 2*m = q - 1131. List the prime factors of m.
2, 113
Suppose 0 = 2*z + 5*p - 40, p - 3*p - 32 = -4*z. What are the prime factors of (-5)/(-2)*z*(11 + -1)?
2, 5
Let t be 2 + 106 - ((-3 - -5) + -3). Let d = t + -6. What are the prime factors of d?
103
Suppose 2967 = -12*u + 9843. List the prime factors of u.
3, 191
Suppose -3*p - 2*n - 3*n - 79 = 0, 3*n = -5*p - 137. Let b = -1 + -18. Let m = b - p. List the prime factors of m.
3
Let h(q) = 11*q**2 + 7*q - 12. Let b be h(6). Suppose b = 4*k - 3*f, 7*k - 2*f - 536 = 2*k. List the prime factors of k.
2, 3
Suppose 3*y + i - 5*i = 5, 1 = -y + 4*i. Suppose -2*a + 41 = y*j, -a + 6 = 2*j - 20. Suppose 23 = 2*h - j. List the prime factors of h.
17
Let m(j) = -j**2 - 11*j + 3. Let p be m(-11). Suppose -3*x + 14 = 5*g, 2*x - 7 + 23 = p*g. What are the prime factors of (14/(-1))/(g/(-6))?
3, 7
Let y(x) = -x**3 - 3*x**2 - 3*x + 15. List the prime factors of y(-10).
5, 149
Let i be 4/(7/3 + -3). Let v be 6*(-4)/i + 1. Suppose 0 = -5*b - 5*n + 40 + 110, -54 = -b + v*n. List the prime factors of b.
2, 17
Let f(m) = -15*m**3 - m**2 + m - 1. Let v be f(1). What are the prime factors of ((-228)/v)/((-3)/(-12))?
3, 19
Let v(o) = -34*o - 7. Let s be v(2). Let y = s + 109. List the prime factors of y.
2, 17
Suppose -3*q + 0*o + 1228 = 2*o, -q + 416 = -o. List the prime factors of q.
2, 103
Let v(i) = i**3 + 13*i**2 - 14*i + 28. List the prime factors of v(9).
2, 421
Suppose -4*u + 3104 = -5*k + k, -2*k = 4*u - 3098. What are the prime factors of u?
5, 31
Suppose -4*k = -38*n + 34*n - 5276, 2*k + 3*n = 2628. List the prime factors of k.
3, 439
Let i(j) = -4*j**3 - 2*j**2 + 1. Let n be i(-1). Suppose 2*c - 11 = a, -n*c - a + 6 = 2. Suppose -c*y - 11 + 68 = 0. List the prime factors of y.
19
Let k(n) = -n**3 + 5*n**2 + 6*n + 7. Suppose 0*h = 5*h - 25. Let z be k(h). Suppose -3*a - x = -74, 0 = 2*a - 5*x - z - 1. What are the prime factors of a?
2, 3
Let g(n) = 1 + 4*n**3 - n**3 + 11*n**2 + 6*n - 5*n**3. List the pr